39
List the prime factors of 248535.
3, 5, 7, 263
What are the prime factors of 2627103?
3, 875701
What are the prime factors of 2414831?
1423, 1697
What are the prime factors of 4087367?
223, 18329
List the prime factors of 23702656.
2, 185177
List the prime factors of 2872360.
2, 5, 71809
List the prime factors of 2168615.
5, 433723
List the prime factors of 552999.
3, 184333
List the prime factors of 2611677.
3, 383, 2273
What are the prime factors of 1096441?
79, 13879
What are the prime factors of 125360?
2, 5, 1567
List the prime factors of 18246946.
2, 53, 79, 2179
List the prime factors of 15810361.
7, 23, 283, 347
List the prime factors of 182810.
2, 5, 101, 181
List the prime factors of 1392429.
3, 464143
List the prime factors of 4811146.
2, 2405573
What are the prime factors of 4684915?
5, 251, 3733
What are the prime factors of 2667556?
2, 666889
List the prime factors of 3480104.
2, 17, 25589
List the prime factors of 8319334.
2, 4159667
What are the prime factors of 4617992?
2, 577249
List the prime factors of 173006.
2, 23, 3761
List the prime factors of 9312889.
17, 547817
What are the prime factors of 21991346?
2, 13, 239, 3539
List the prime factors of 372574.
2, 107, 1741
What are the prime factors of 226582?
2, 193, 587
What are the prime factors of 99880?
2, 5, 11, 227
List the prime factors of 768250.
2, 5, 7, 439
What are the prime factors of 318767?
17, 1103
List the prime factors of 17067058.
2, 23, 311, 1193
What are the prime factors of 3344027?
3344027
List the prime factors of 1763714.
2, 31, 28447
What are the prime factors of 1531899?
3, 56737
What are the prime factors of 2423636?
2, 605909
List the prime factors of 324559.
59, 5501
List the prime factors of 227918.
2, 83, 1373
What are the prime factors of 268698?
2, 3, 19, 2357
List the prime factors of 8280638.
2, 277, 14947
List the prime factors of 197371.
197371
What are the prime factors of 401853?
3, 29, 31, 149
What are the prime factors of 5348823?
3, 19, 107, 877
What are the prime factors of 1286700?
2, 3, 5, 4289
What are the prime factors of 5507158?
2, 29, 94951
What are the prime factors of 152252?
2, 17, 2239
List the prime factors of 298120.
2, 5, 29, 257
List the prime factors of 8084048.
2, 7, 89, 811
List the prime factors of 359892.
2, 3, 13, 769
List the prime factors of 3127445.
5, 625489
List the prime factors of 1642002.
2, 3, 211, 1297
List the prime factors of 19358716.
2, 13, 17, 61, 359
What are the prime factors of 1494392?
2, 186799
What are the prime factors of 84854?
2, 7, 11, 19, 29
What are the prime factors of 256810?
2, 5, 61, 421
List the prime factors of 532856.
2, 43, 1549
List the prime factors of 3052471.
3052471
List the prime factors of 420655.
5, 84131
List the prime factors of 339505.
5, 67901
List the prime factors of 3618889.
23, 6841
What are the prime factors of 1560036?
2, 3, 130003
List the prime factors of 1375367.
7, 61, 3221
List the prime factors of 19864009.
11, 1805819
What are the prime factors of 758837?
758837
List the prime factors of 245306.
2, 122653
What are the prime factors of 71631?
3, 7, 379
List the prime factors of 120130.
2, 5, 41, 293
What are the prime factors of 498433?
13, 23, 1667
List the prime factors of 1657527.
3, 151, 3659
List the prime factors of 839695.
5, 29, 5791
List the prime factors of 10601740.
2, 5, 530087
What are the prime factors of 279270?
2, 3, 5, 29, 107
What are the prime factors of 15535?
5, 13, 239
List the prime factors of 23174428.
2, 5793607
List the prime factors of 815026.
2, 59, 6907
List the prime factors of 4210247.
4210247
What are the prime factors of 266141?
37, 7193
List the prime factors of 200028.
2, 3, 79, 211
List the prime factors of 484385.
5, 11, 8807
List the prime factors of 2901118.
2, 11, 17, 7757
List the prime factors of 19536165.
3, 5, 11, 61, 647
What are the prime factors of 457977?
3, 13, 11743
List the prime factors of 69171.
3, 23057
List the prime factors of 728582.
2, 364291
What are the prime factors of 117179?
37, 3167
List the prime factors of 5966538.
2, 3, 83, 11981
What are the prime factors of 183791?
239, 769
What are the prime factors of 5833447?
997, 5851
List the prime factors of 3115376.
2, 11, 31, 571
What are the prime factors of 18007797?
3, 6002599
List the prime factors of 6880075.
5, 149, 1847
What are the prime factors of 1584282?
2, 3, 7, 67, 563
List the prime factors of 4900529.
4900529
What are the prime factors of 41735?
5, 17, 491
List the prime factors of 227947.
227947
List the prime factors of 1316483.
7, 67, 401
List the prime factors of 481790.
2, 5, 48179
What are the prime factors of 27388?
2, 41, 167
List the prime factors of 597354.
2, 3, 99559
What are the prime factors of 8682949?
11, 433, 1823
List the prime factors of 108755.
5, 21751
What are the prime factors of 242601?
3, 193, 419
List the prime factors of 1564426.
2, 43, 18191
List the prime factors of 385630.
2, 5, 7, 787
What are the prime factors of 7690771?
11, 29, 24109
List the prime factors of 7388269.
7, 131, 1151
What are the prime factors of 6295424?
2, 137, 359
What are the prime factors of 238591?
238591
List the prime factors of 1106923.
1106923
What are the prime factors of 151411?
13, 19, 613
List the prime factors of 8699043.
3, 29, 99989
List the prime factors of 6761090.
2, 5, 7, 96587
List the prime factors of 355096.
2, 7, 17, 373
List the prime factors of 193168.
2, 12073
List the prime factors of 3032239.
7, 17, 83, 307
List the prime factors of 2249950.
2, 5, 17, 2647
List the prime factors of 568179.
3, 63131
List the prime factors of 8023402.
2, 4011701
List the prime factors of 859461.
3, 286487
List the prime factors of 16326.
2, 3, 907
What are the prime factors of 195583?
131, 1493
List the prime factors of 26433906.
2, 3, 29, 43, 3533
List the prime factors of 18827.
67, 281
What are the prime factors of 1263229?
11, 23, 4993
List the prime factors of 2920108.
2, 569, 1283
What are the prime factors of 5688718?
2, 7, 347, 1171
List the prime factors of 212613.
3, 131, 541
What are the prime factors of 5983942?
2, 2991971
What are the prime factors of 24640?
2, 5, 7, 11
List the prime factors of 8472743.
8472743
List the prime factors of 3680567.
11, 313, 1069
List the prime factors of 341733.
3, 7, 16273
What are the prime factors of 1854023?
71, 26113
List the prime factors of 2237756.
2, 29, 101, 191
What are the prime factors of 36494585?
5, 229, 31873
List the prime factors of 34987510.
2, 5, 227, 15413
List the prime factors of 267957.
3, 19, 1567
What are the prime factors of 2846281?
101, 28181
What are the prime factors of 25773537?
3, 61, 140839
What are the prime factors of 14320740?
2, 3, 5, 7, 4871
What are the prime factors of 47683?
41, 1163
List the prime factors of 1450960.
2, 5, 7, 2591
List the prime factors of 8400831.
3, 19, 7757
What are the prime factors of 405651?
3, 23, 5879
List the prime factors of 447727.
7, 167, 383
What are the prime factors of 302688?
2, 3, 1051
List the prime factors of 1188312.
2, 3, 67, 739
List the prime factors of 5638884.
2, 3, 469907
List the prime factors of 964611.
3, 19, 5641
What are the prime factors of 2119583?
19, 281, 397
What are the prime factors of 1056692?
2, 7, 13, 2903
List the prime factors of 6880319.
6880319
List the prime factors of 3648933.
3, 405437
What are the prime factors of 1354868?
2, 338717
List the prime factors of 1925498.
2, 19, 50671
What are the prime factors of 1784053?
1784053
What are the prime factors of 663429?
3, 13, 17011
List the prime factors of 1615470.
2, 3, 5, 53849
List the prime factors of 10165421.
7, 1452203
What are the prime factors of 413031?
3, 37, 61
What are the prime factors of 47551?
7, 6793
List the prime factors of 13250769.
3, 7, 17, 37117
List the prime factors of 19872894.
2, 3, 569, 5821
List the prime factors of 157186.
2, 78593
List the prime factors of 586257.
3, 7, 27917
What are the prime factors of 118860?
2, 3, 5, 7, 283
List the prime factors of 10459011.
3, 3486337
List the prime factors of 1482303.
3, 494101
What are the prime factors of 948059?
7, 167, 811
What are the prime factors of 231721?
7, 4729
What are the prime factors of 77154?
2, 3, 7, 11, 167
List the prime factors o